{"id":26,"date":"2021-03-30T20:07:20","date_gmt":"2021-03-30T20:07:20","guid":{"rendered":"http:\/\/www.nadialassen.dk\/?page_id=26"},"modified":"2024-08-18T18:49:21","modified_gmt":"2024-08-18T18:49:21","slug":"supervision-undervisning","status":"publish","type":"page","link":"https:\/\/www.nadialassen.dk\/index.php\/supervision-undervisning\/","title":{"rendered":"Arbejder du med b\u00f8rn og unge?"},"content":{"rendered":"\n<p><strong>SUPERVISION OG UNDERVISNING<\/strong><\/p>\n\n\n\n<p>Jeg har lang erfaring med undervisning og supervision af psykologer samt p\u00e6dagogisk personale. <\/p>\n\n\n\n<p>Jeg er s\u00e6rligt optaget af at arbejde med personfaglig udvikling, relationskompetence samt styrke den psykologiske tryghed og samarbejdet i p\u00e6dagogiske teams.&nbsp;<\/p>\n\n\n\n<p>Jeg har stor erfaring med at hj\u00e6lpe med at sk\u00e6rpe jeres evne til at indg\u00e5 i det relationelle arbejde.<\/p>\n\n\n\n<p><\/p>\n\n\n\n<p>Se mere om min baggrund her: <a href=\"https:\/\/www.nadialassen.dk\/index.php\/om-mig-min-tilgang-og-online\/\" data-type=\"page\" data-id=\"24\">Om mig<\/a><\/p>\n\n\n\n<blockquote class=\"wp-block-quote is-layout-flow wp-block-quote-is-layout-flow\">\n<p><\/p>\n<cite>\u201cDen enkelte har aldrig med et andet menneske at g\u00f8re, uden at han holder noget af dets liv i sin h\u00e5nd\u201d&nbsp;K. E. L\u00f8gstrup<\/cite><\/blockquote>\n\n\n\n<p><em>Kontakt mig endelig ved interesse, s\u00e5 kan vi dr\u00f8fte, om jeg er det rette bud for jer, og hvordan den n\u00e6rmere form kan se ud.<\/em><\/p>\n\n\n\n<p class=\"has-text-align-center\"><br>60 62 24 80<\/p>\n\n\n\n<p class=\"has-text-align-center\"><a href=\"mailto:psykolognadialassen@protonmail.com\">psykolognadialassen@protonmail.com<\/a><\/p>\n\n\n\n<div style=\"height:20px\" aria-hidden=\"true\" class=\"wp-block-spacer\"><\/div>\n\n\n\n<figure class=\"wp-block-image size-large\"><img loading=\"lazy\" decoding=\"async\" width=\"1024\" height=\"576\" src=\"http:\/\/www.nadialassen.dk\/wp-content\/uploads\/2024\/08\/Samarbejde-1024x576.jpg\" alt=\"\" class=\"wp-image-104\" srcset=\"https:\/\/www.nadialassen.dk\/wp-content\/uploads\/2024\/08\/Samarbejde-1024x576.jpg 1024w, https:\/\/www.nadialassen.dk\/wp-content\/uploads\/2024\/08\/Samarbejde-300x169.jpg 300w, https:\/\/www.nadialassen.dk\/wp-content\/uploads\/2024\/08\/Samarbejde-768x432.jpg 768w, https:\/\/www.nadialassen.dk\/wp-content\/uploads\/2024\/08\/Samarbejde-1536x864.jpg 1536w, https:\/\/www.nadialassen.dk\/wp-content\/uploads\/2024\/08\/Samarbejde-2048x1152.jpg 2048w, https:\/\/www.nadialassen.dk\/wp-content\/uploads\/2024\/08\/Samarbejde-1140x641.jpg 1140w, https:\/\/www.nadialassen.dk\/wp-content\/uploads\/2024\/08\/Samarbejde-540x304.jpg 540w\" sizes=\"(max-width: 1024px) 100vw, 1024px\" \/><\/figure>\n","protected":false},"excerpt":{"rendered":"<p>SUPERVISION OG UNDERVISNING Jeg har lang erfaring med undervisning og supervision af psykologer samt p\u00e6dagogisk personale. Jeg er s\u00e6rligt optaget af at arbejde med personfaglig udvikling, relationskompetence samt styrke den psykologiske tryghed og samarbejdet i p\u00e6dagogiske teams.&nbsp; Jeg har stor erfaring med at hj\u00e6lpe med at sk\u00e6rpe jeres evne til at indg\u00e5 i det relationelle&hellip;<\/p>\n","protected":false},"author":1,"featured_media":0,"parent":0,"menu_order":0,"comment_status":"closed","ping_status":"closed","template":"","meta":{"footnotes":""},"class_list":["post-26","page","type-page","status-publish","hentry"],"_links":{"self":[{"href":"https:\/\/www.nadialassen.dk\/index.php\/wp-json\/wp\/v2\/pages\/26"}],"collection":[{"href":"https:\/\/www.nadialassen.dk\/index.php\/wp-json\/wp\/v2\/pages"}],"about":[{"href":"https:\/\/www.nadialassen.dk\/index.php\/wp-json\/wp\/v2\/types\/page"}],"author":[{"embeddable":true,"href":"https:\/\/www.nadialassen.dk\/index.php\/wp-json\/wp\/v2\/users\/1"}],"replies":[{"embeddable":true,"href":"https:\/\/www.nadialassen.dk\/index.php\/wp-json\/wp\/v2\/comments?post=26"}],"version-history":[{"count":19,"href":"https:\/\/www.nadialassen.dk\/index.php\/wp-json\/wp\/v2\/pages\/26\/revisions"}],"predecessor-version":[{"id":547,"href":"https:\/\/www.nadialassen.dk\/index.php\/wp-json\/wp\/v2\/pages\/26\/revisions\/547"}],"wp:attachment":[{"href":"https:\/\/www.nadialassen.dk\/index.php\/wp-json\/wp\/v2\/media?parent=26"}],"curies":[{"name":"wp","href":"https:\/\/api.w.org\/{rel}","templated":true}]}}